rst derivative of -x**4/4 + 4*x**3/3 - 2*x**2 - 4*x + 9226. Determine j(3).
-7
Let z(a) = -a**3 - 9*a**2 + 4*a + 29. Let i = -9967 + 9958. What is z(i)?
-7
Let m(s) be the second derivative of 5*s**3/3 + 21*s**2/2 + 2*s - 689. Calculate m(-2).
1
Let k(c) = c**3 + 7*c**2 + 4*c + 2. Suppose 93 - 26 = 5*g - 4*o, -o - 3 = 0. Suppose -4*w + 4*x - 20 = 0, -3*x - g = w + 2*x. Calculate k(w).
14
Let y be (-6)/(-9)*9*1/3. Let s(j) be the third derivative of 0 + 0*j - 18*j**y + 1/2*j**3 - 1/24*j**4. Calculate s(-5).
8
Let x(j) = 15*j**2 + 15 + 2*j**2 + 3*j**2 + 5*j**2 + j**2 - 38*j**2 - 10*j - j**3. Suppose -3*z - 4*i = 41, z + 2*i + 21 = -3*i. Determine x(z).
4
Let u be (-60)/(-90)*(9 - -3). Let m(c) = 12*c - 97. Give m(u).
-1
Let t(y) be the second derivative of -y**5/20 - 31*y**4/12 + 31*y**3/6 - 17*y**2 - 290*y. Determine t(-32).
-2
Let s(h) = 34*h + 1050. Let r(u) = u**3 - 44*u**2 - 15*u + 629. Let n be r(44). What is s(n)?
-4
Let n be -4 - -10 - (-1 + 3). Suppose 2*w = -3*l + 51, n*w + 109 = 8*w - l. Let j = w + -32. Let t(s) = -s**2 - 5*s + 2. Determine t(j).
2
Suppose -2*a = -6*a + 5*w + 36, 3*a + 3*w - 27 = 0. Let s = a - 4. Let o(y) = 0*y - y + 3 + s*y - 4 + y**2. Calculate o(-3).
-4
Suppose -239*h = -120*h - 128*h - 135. Let w(d) = -d**2 - 12*d + 44. Give w(h).
-1
Let r(p) = -2*p**2 - 55*p - 2. Let w(t) = -187*t - 13864. Let c be w(-74). Determine r(c).
76
Let r(t) = 4*t**2 + 6. Let d be (6/3 + -3)*-81. Suppose 0 = 80*u - d*u. Let b be r(u). Let x(n) = n**3 - 5*n**2 - 6*n + 9. What is x(b)?
9
Let n(g) be the second derivative of -2*g**3 - g**2 + 6*g. Suppose -1095 = 493*d - 109. Determine n(d).
22
Let q(s) be the first derivative of -2*s**3/3 - 3*s**2/2 + 2*s - 86193. Suppose 21 = -3*k + w, -3*k - 5*w = 7 + 32. Let p = k + 5. Give q(p).
-7
Let h(v) be the first derivative of -2*v**3 + 4*v**2 + 22*v + 1611. Determine h(-2).
-18
Let y = 262 - 252. Suppose -12*r - 6 = -y*r. Let s(k) = k**3 + 4*k**2 + 3*k - 1. What is s(r)?
-1
Let o(p) = -12*p**2 - p + 3. Let w(a) = 4*a**2 - 1. Let l(x) = -3*o(x) - 8*w(x). Let k(n) = 2*n**2 + n. Let h(f) = 3*k(f) - l(f). What is h(-1)?
3
Let n(b) = -b - 5. Let x(z) be the first derivative of z**3/3 + 9*z**2/2 + 17*z - 1. Let j be 15/(-6)*(-7 + 9). Let a be x(j). What is n(a)?
-2
Let t(j) = -j**3 - 11*j**2 - 5*j - 54. Suppose 87*p = 57*p - 330. Let k be t(p). Let w(g) = -13*g - 1. Calculate w(k).
-14
Let s(h) = -43*h**2 - 10*h - 9. Let j(v) = 21*v**2 + 5*v + 5. Let a(k) = -7*j(k) - 3*s(k). Let m(y) = -6*y**2 - 2*y - 3. Let i(r) = -3*a(r) + 8*m(r). Give i(1).
5
Let b(l) be the second derivative of -l**4/12 - 14*l**3/3 - 26*l. Let x be b(-26). Let y = 53 - x. Let d(g) = -2*g**3 - 2*g**2 + 2*g - 1. What is d(y)?
-3
Let x(s) = 23*s**2 - 55*s + 28. Let k(c) = -c**3 + c**2 - 10*c - 1. Let d(a) = k(a) - x(a). Calculate d(-24).
43
Let u(m) = 31*m - 135. Let y(t) = 82*t - 357. Let f(k) = 21*u(k) - 8*y(k). What is f(3)?
6
Let w(n) = -n**2 + 29*n - 24. Let s be w(28). Suppose 3*t + 26 = -2*h - 2*t, s*h - 3*t = 0. Let l(q) = -q**2 + 4. Calculate l(h).
-5
Let n(q) = q**2 - 8*q + 11. Let a(t) = -t**2 + 9*t - 11. Let z(h) = 6*a(h) + 7*n(h). Give z(10).
91
Let i(o) = -2*o**2 + 26*o + 2. Let q be i(11). Let k = q + -32. Let u(w) = -k + 12 + 0*w + w. Give u(-5).
-7
Let d(b) = 37*b**3 + 64*b**2 + 17*b - 9. Let k(z) = 13*z**3 + 23*z**2 + 6*z - 3. Let x(t) = 6*d(t) - 17*k(t). Suppose 2*v = -v + 21. Give x(v).
-3
Let w(v) = 48 + 1458*v + 1362*v - 2822*v. What is w(0)?
48
Let r(t) = -t**3 - 5*t**2 + 6*t + 2. Let a be ((-4)/3)/(4/24). Let s(z) = -3*z**2 - 17*z + 2. Let k be s(a). Let c = 48 + k. Calculate r(c).
2
Let j(q) be the second derivative of q**4/12 + 5*q**3/6 - 17*q**2 - 10*q - 78. Give j(-10).
16
Let m = -1 + 1. Let z(f) be the second derivative of f**3/6 + 9*f**2/2 + 5*f + 473. What is z(m)?
9
Let n(g) = 5*g - 7. Let m = 349 + -346. Calculate n(m).
8
Let l(u) be the first derivative of -u**6/120 + u**5/12 - 2*u**3/3 + 17*u**2 - 44. Let y(v) be the second derivative of l(v). Let n = 9 + -4. What is y(n)?
-4
Let w(m) be the first derivative of -m**5/60 + m**4/8 + 5*m**3/6 + 9*m**2/2 + m - 130. Let g(t) be the second derivative of w(t). Determine g(-5).
-35
Let g(p) = p**2 - 23*p - 15. Let h be (6 - 6) + ((-12)/(-5))/(6/60). Give g(h).
9
Let h(q) be the third derivative of -q**6/720 - q**5/120 - q**4/8 - q**3/2 + 37*q**2 + q. Let s(b) be the second derivative of h(b). Give s(7).
-8
Let k(q) = 51 + 5*q - 6*q - 47. Let u(d) = 20*d**3 + 102*d**2 + 10*d + 5. Let g be u(-5). Give k(g).
-1
Let u be ((-5)/(-4))/(1*(-6)/336). Let r = u - -76. Let t(n) = -n**3 + 7*n**2 - 2*n - 4. What is t(r)?
20
Let f(h) = -h**3 - 6*h**2 - 6*h - 4. Let u be f(-5). Let r = 264 + 704. Let x(l) = 969 + 0*l - r + l. Determine x(u).
2
Let r = -47240 + 47232. Let x(w) = -9*w**2 - w**3 - 12*w + 3*w - 11 - 4*w. Give x(r).
29
Suppose 0 = -g - 3*i - 1, -5*i = -2 + 7. Let w(h) = 5 + h - 22*h**2 - 28*h**2 + 51*h**g. What is w(-4)?
17
Suppose -2*m - 10*y - 4 = -11*y, 0 = -2*y - 8. Let k(b) = b**3 + 4*b**2 + 2*b. Give k(m).
-8
Let n = -407 - -399. Let w(r) = r**2 - r + 6. What is w(n)?
78
Let b be (5/(-6 - -5))/(-1). Let j(w) = -3*w**2 - 7*w. Let y(d) = -7*d**2 - 13*d + 2. Let o(q) = b*j(q) - 2*y(q). Calculate o(-4).
16
Let p(q) be the second derivative of -7*q**3/6 - 81*q**2/2 + 3072*q. Calculate p(0).
-81
Let n = -929 - -941. Let i(f) = 4*f + 3*f - 6*f - 2 + 9 + n. Determine i(-8).
11
Let i(r) be the first derivative of 5*r**4/4 - 5*r**2/2 + 4*r + 6846. What is i(1)?
4
Suppose 5*h + 23 = -17. Let m(l) be the first derivative of l**4/4 + 10*l**3/3 + 11*l**2/2 - 8*l - 274. What is m(h)?
32
Let p(s) = 3*s**3 + 3*s**2 - s - 1. Let t(k) = -k**2 + 10*k - 11. Let o be t(9). Let q(u) = u**3 + u. Let n(w) = o*q(w) + p(w). What is n(-3)?
8
Suppose 3*o = -0 + 6. Let b(c) = -22*c**2 + 0*c**3 + c**3 + o + 18*c**2. Suppose -2*h = -4*r + 8, -h - 2*h + r = -8. Calculate b(h).
2
Let m(g) = g**2 + 3*g + 3. Let o(q) = q + 1. Let i(t) = m(t) - 5*o(t). Suppose 4*s - 5*l = -18 + 34, -2*s = 5*l - 8. What is i(s)?
6
Let x(j) = -j**2 + 10*j + 3. Let l(b) = b**2 - 9*b - 2. Let v(p) = -7*l(p) - 6*x(p). Suppose 21*m - 34 = 29. Determine v(m).
-4
Let s(o) = 44 + o - 7*o - 72*o**2 + 150*o**2 - 11*o - 77*o**2. Calculate s(13).
-8
Let v(m) = m**3 + 5*m**2 + 3*m + 58. Let r(k) = 17*k + 1643. Let s be r(-97). Determine v(s).
4
Let n(s) be the third derivative of 0*s + 1/3*s**3 + 1/4*s**4 + 1/60*s**5 + 0 + 141*s**2. Determine n(-6).
2
Let u(r) = -30*r - 507. Suppose 215*h - 3*k = 220*h + 88, h = k - 16. Determine u(h).
3
Let h(a) = a**3 + 13*a**2 + 13*a + 4. Let y(o) = -o**3 + 12*o**2 + 14*o - 25. Let z be y(13). Let w be h(z). Let m(i) = i + 5. Determine m(w).
-3
Let v(j) be the first derivative of 2*j**3/3 - 11*j**2/2 - 12*j + 7213. Calculate v(5).
-17
Suppose -35*m + 28*m + 49 = 0. Let f(a) = -35 + 17 + m*a + a**2 + 20. Determine f(-5).
-8
Let h(x) = -5*x - 4. Let b(q) = -24*q - 20. Suppose 0 = -5*a + 2*r + 3*r + 160, -4*a = -5*r - 132. Let m = 31 - a. Let g(k) = m*b(k) - 14*h(k). Give g(-5).
6
Let c be -11*168/(-132) - 23. Let o(s) = -s**3 - 9*s**2 + 6*s + 15. Determine o(c).
-39
Let o = 96 + -94. Let d(p) be the first derivative of 0*p**o - 2 + p - 6*p**2 + 4 + 8*p**2. Give d(-1).
-3
Let p(o) = o**2 - 4*o - 6. Let c(g) = -20*g + 268. Let s be c(16). Let x be (-4)/(8 - s/(-6)). Give p(x).
6
Let x(l) = -9*l**3 - 56*l**2 - 2*l + 30. Let z(q) = 3*q**3 + 20*q**2 + q - 10. Let j(k) = -4*x(k) - 11*z(k). Give j(-2).
-12
Suppose 0 = 18*s + 6*s. Let f(d) be the second derivative of 2*d**3/3 - 4*d**2 - 2*d. Let v(q) = 5*q - 8. Let a(n) = 4*f(n) - 3*v(n). Determine a(s).
-8
Let p(k) be the first derivative of -5/2*k**2 - 13 + 12*k + 1/2*k**3. Let d(q) be the first derivative of p(q). Give d(4).
7
Suppose 39*z - 6 = 33*z. Let a(o) be the first derivative of -5*o**3/3 - o**2 + o - 83. Determine a(z).
-6
Let f(d) = -d**3 + 9*d**2 + 3*d - 17. Let w be ((-20)/8)/(18/(-36)) - -4. Calculate f(w).
10
Let p = -3408 + 3411. Suppose -8 = -3*j - 4*x, 3*x - 2 = -3*j + 2*x. Let t(k) = 5*k**2 - 7*k**2 + 4 + j*k + 0*k + 2*k. What is t(p)?
-8
Let l(a) = 0 + 2 + 7*a + 3 - a**2 + 2*a**2. Let i be l(-7). Let t(w) be the third derivative of w**6/120 - w**5/12 - 2*w**3/3 + 3*w**2. What is t(i)?
-4
Suppose 3*y = -y + 4. Supp